{"id":10049,"date":"2022-08-06T07:19:26","date_gmt":"2022-08-06T05:19:26","guid":{"rendered":"https:\/\/wp.themedemo.org\/WP02\/WP030\/?page_id=10049"},"modified":"2023-11-12T19:46:17","modified_gmt":"2023-11-12T18:46:17","slug":"nuestro-directorio","status":"publish","type":"page","link":"https:\/\/conapran.cl\/?page_id=10049","title":{"rendered":"Nuestro Directorio"},"content":{"rendered":"\t\t<div data-elementor-type=\"wp-page\" data-elementor-id=\"10049\" class=\"elementor elementor-10049\" data-elementor-post-type=\"page\">\n\t\t\t\t\t\t<div class=\"elementor-section elementor-top-section elementor-element elementor-element-00c5b3b elementor-section-full_width elementor-section-stretched our-expert elementor-section-height-default elementor-section-height-default\" data-id=\"00c5b3b\" data-element_type=\"section\" data-settings=\"{&quot;stretch_section&quot;:&quot;section-stretched&quot;}\">\n\t\t\t\t\t\t<div class=\"elementor-container elementor-column-gap-default\">\n\t\t\t\t\t<div class=\"elementor-column elementor-col-100 elementor-top-column elementor-element elementor-element-7c584f4\" data-id=\"7c584f4\" data-element_type=\"column\">\n\t\t\t<div class=\"elementor-widget-wrap elementor-element-populated\">\n\t\t\t\t\t\t<div class=\"elementor-element elementor-element-5393dbe elementor-widget elementor-widget-heading\" data-id=\"5393dbe\" data-element_type=\"widget\" data-widget_type=\"heading.default\">\n\t\t\t\t<div class=\"elementor-widget-container\">\n\t\t\t<h3 class=\"elementor-heading-title elementor-size-default\">Te Presentamos El Directorio de Conapran<\/h3>\t\t<\/div>\n\t\t\t\t<\/div>\n\t\t\t\t<div class=\"elementor-element elementor-element-cd6ca83 elementor-widget elementor-widget-heading\" data-id=\"cd6ca83\" data-element_type=\"widget\" data-widget_type=\"heading.default\">\n\t\t\t\t<div class=\"elementor-widget-container\">\n\t\t\t<span class=\"elementor-heading-title elementor-size-default\">Para cumplir con los programas de cuidado, atenci\u00f3n y protecci\u00f3n de los adultos mayores, se cuenta con una direcci\u00f3n ejecutiva, ubicada en casa central, Santiago, que constituye <\/br>la instancia gerencial,  siendo el responsable de la realizaci\u00f3n del plan estrat\u00e9gico general de la corporaci\u00f3n.\nSus Funciones principales son planificar, organizar, coordinar, dirigir y controlar las labores  de todos los Eleam.\n<\/span>\t\t<\/div>\n\t\t\t\t<\/div>\n\t\t\t\t<section class=\"elementor-section elementor-inner-section elementor-element elementor-element-aa20c87 elementor-section-boxed elementor-section-height-default elementor-section-height-default\" data-id=\"aa20c87\" data-element_type=\"section\">\n\t\t\t\t\t\t<div class=\"elementor-container elementor-column-gap-default\">\n\t\t\t\t\t<div class=\"elementor-column elementor-col-25 elementor-inner-column elementor-element elementor-element-e381295\" data-id=\"e381295\" data-element_type=\"column\" data-settings=\"{&quot;background_background&quot;:&quot;classic&quot;}\">\n\t\t\t<div class=\"elementor-widget-wrap elementor-element-populated\">\n\t\t\t\t\t\t<div class=\"elementor-element elementor-element-752c0ed elementor-position-top elementor-widget elementor-widget-image-box\" data-id=\"752c0ed\" data-element_type=\"widget\" data-widget_type=\"image-box.default\">\n\t\t\t\t<div class=\"elementor-widget-container\">\n\t\t\t<div class=\"elementor-image-box-wrapper\"><figure class=\"elementor-image-box-img\"><img fetchpriority=\"high\" decoding=\"async\" width=\"327\" height=\"320\" src=\"https:\/\/i0.wp.com\/conapran.cl\/wp-content\/uploads\/2023\/09\/Patricio-Diaz-Johnson.jpg?fit=327%2C320&amp;ssl=1\" class=\"attachment-full size-full wp-image-14707\" alt=\"\" srcset=\"https:\/\/i0.wp.com\/conapran.cl\/wp-content\/uploads\/2023\/09\/Patricio-Diaz-Johnson.jpg?w=327&amp;ssl=1 327w, https:\/\/i0.wp.com\/conapran.cl\/wp-content\/uploads\/2023\/09\/Patricio-Diaz-Johnson.jpg?resize=300%2C294&amp;ssl=1 300w\" sizes=\"(max-width: 327px) 100vw, 327px\" \/><\/figure><div class=\"elementor-image-box-content\"><h4 class=\"elementor-image-box-title\">Patricio D\u00edaz Johnson<\/h4><p class=\"elementor-image-box-description\"><b>Presidente<\/b><\/p><\/div><\/div>\t\t<\/div>\n\t\t\t\t<\/div>\n\t\t\t\t\t<\/div>\n\t\t<\/div>\n\t\t\t\t<div class=\"elementor-column elementor-col-25 elementor-inner-column elementor-element elementor-element-e14ad32\" data-id=\"e14ad32\" data-element_type=\"column\" data-settings=\"{&quot;background_background&quot;:&quot;classic&quot;}\">\n\t\t\t<div class=\"elementor-widget-wrap elementor-element-populated\">\n\t\t\t\t\t\t<div class=\"elementor-element elementor-element-3f40af7 elementor-position-top elementor-widget elementor-widget-image-box\" data-id=\"3f40af7\" data-element_type=\"widget\" data-widget_type=\"image-box.default\">\n\t\t\t\t<div class=\"elementor-widget-container\">\n\t\t\t<div class=\"elementor-image-box-wrapper\"><figure class=\"elementor-image-box-img\"><img decoding=\"async\" width=\"327\" height=\"320\" src=\"https:\/\/i0.wp.com\/conapran.cl\/wp-content\/uploads\/2023\/09\/Maria-Soledad-Lafrentz-F.jpg?fit=327%2C320&amp;ssl=1\" class=\"attachment-full size-full wp-image-14706\" alt=\"\" srcset=\"https:\/\/i0.wp.com\/conapran.cl\/wp-content\/uploads\/2023\/09\/Maria-Soledad-Lafrentz-F.jpg?w=327&amp;ssl=1 327w, https:\/\/i0.wp.com\/conapran.cl\/wp-content\/uploads\/2023\/09\/Maria-Soledad-Lafrentz-F.jpg?resize=300%2C294&amp;ssl=1 300w\" sizes=\"(max-width: 327px) 100vw, 327px\" \/><\/figure><div class=\"elementor-image-box-content\"><h4 class=\"elementor-image-box-title\">Maria Soledad Lafrentz F.<\/h4><p class=\"elementor-image-box-description\"><b>Secretaria Directora<\/b><\/p><\/div><\/div>\t\t<\/div>\n\t\t\t\t<\/div>\n\t\t\t\t\t<\/div>\n\t\t<\/div>\n\t\t\t\t<div class=\"elementor-column elementor-col-25 elementor-inner-column elementor-element elementor-element-cc48540\" data-id=\"cc48540\" data-element_type=\"column\" data-settings=\"{&quot;background_background&quot;:&quot;classic&quot;}\">\n\t\t\t<div class=\"elementor-widget-wrap elementor-element-populated\">\n\t\t\t\t\t\t<div class=\"elementor-element elementor-element-5933d7d elementor-position-top elementor-widget elementor-widget-image-box\" data-id=\"5933d7d\" data-element_type=\"widget\" data-widget_type=\"image-box.default\">\n\t\t\t\t<div class=\"elementor-widget-container\">\n\t\t\t<div class=\"elementor-image-box-wrapper\"><figure class=\"elementor-image-box-img\"><img decoding=\"async\" width=\"327\" height=\"320\" src=\"https:\/\/i0.wp.com\/conapran.cl\/wp-content\/uploads\/2023\/09\/Maria-Gloria-Rojas-Avila.jpg?fit=327%2C320&amp;ssl=1\" class=\"attachment-full size-full wp-image-14705\" alt=\"\" srcset=\"https:\/\/i0.wp.com\/conapran.cl\/wp-content\/uploads\/2023\/09\/Maria-Gloria-Rojas-Avila.jpg?w=327&amp;ssl=1 327w, https:\/\/i0.wp.com\/conapran.cl\/wp-content\/uploads\/2023\/09\/Maria-Gloria-Rojas-Avila.jpg?resize=300%2C294&amp;ssl=1 300w\" sizes=\"(max-width: 327px) 100vw, 327px\" \/><\/figure><div class=\"elementor-image-box-content\"><h4 class=\"elementor-image-box-title\">Mar\u00eda Gloria Rojas \u00c1vila<\/h4><p class=\"elementor-image-box-description\"><b>Directora<\/b><\/p><\/div><\/div>\t\t<\/div>\n\t\t\t\t<\/div>\n\t\t\t\t\t<\/div>\n\t\t<\/div>\n\t\t\t\t<div class=\"elementor-column elementor-col-25 elementor-inner-column elementor-element elementor-element-894d5bc\" data-id=\"894d5bc\" data-element_type=\"column\" data-settings=\"{&quot;background_background&quot;:&quot;classic&quot;}\">\n\t\t\t<div class=\"elementor-widget-wrap elementor-element-populated\">\n\t\t\t\t\t\t<div class=\"elementor-element elementor-element-58671ea elementor-position-top elementor-widget elementor-widget-image-box\" data-id=\"58671ea\" data-element_type=\"widget\" data-widget_type=\"image-box.default\">\n\t\t\t\t<div class=\"elementor-widget-container\">\n\t\t\t<div class=\"elementor-image-box-wrapper\"><figure class=\"elementor-image-box-img\"><img loading=\"lazy\" decoding=\"async\" width=\"327\" height=\"320\" src=\"https:\/\/i0.wp.com\/conapran.cl\/wp-content\/uploads\/2023\/09\/Pilar-Salgado-de-Caso.jpg?fit=327%2C320&amp;ssl=1\" class=\"attachment-full size-full wp-image-14708\" alt=\"\" srcset=\"https:\/\/i0.wp.com\/conapran.cl\/wp-content\/uploads\/2023\/09\/Pilar-Salgado-de-Caso.jpg?w=327&amp;ssl=1 327w, https:\/\/i0.wp.com\/conapran.cl\/wp-content\/uploads\/2023\/09\/Pilar-Salgado-de-Caso.jpg?resize=300%2C294&amp;ssl=1 300w\" sizes=\"(max-width: 327px) 100vw, 327px\" \/><\/figure><div class=\"elementor-image-box-content\"><h4 class=\"elementor-image-box-title\">Pilar Salgado de Caso<\/h4><p class=\"elementor-image-box-description\"><b>Directora<\/b><\/p><\/div><\/div>\t\t<\/div>\n\t\t\t\t<\/div>\n\t\t\t\t\t<\/div>\n\t\t<\/div>\n\t\t\t\t\t<\/div>\n\t\t<\/section>\n\t\t\t\t<section class=\"elementor-section elementor-inner-section elementor-element elementor-element-eb84e08 elementor-section-boxed elementor-section-height-default elementor-section-height-default\" data-id=\"eb84e08\" data-element_type=\"section\">\n\t\t\t\t\t\t<div class=\"elementor-container elementor-column-gap-default\">\n\t\t\t\t\t<div class=\"elementor-column elementor-col-25 elementor-inner-column elementor-element elementor-element-9850bae\" data-id=\"9850bae\" data-element_type=\"column\" data-settings=\"{&quot;background_background&quot;:&quot;classic&quot;}\">\n\t\t\t<div class=\"elementor-widget-wrap elementor-element-populated\">\n\t\t\t\t\t\t<div class=\"elementor-element elementor-element-6a0ce77 elementor-position-top elementor-widget elementor-widget-image-box\" data-id=\"6a0ce77\" data-element_type=\"widget\" data-widget_type=\"image-box.default\">\n\t\t\t\t<div class=\"elementor-widget-container\">\n\t\t\t<div class=\"elementor-image-box-wrapper\"><figure class=\"elementor-image-box-img\"><img loading=\"lazy\" decoding=\"async\" width=\"327\" height=\"320\" src=\"https:\/\/i0.wp.com\/conapran.cl\/wp-content\/uploads\/2023\/09\/Gerardo-Petersen-Guerra.jpg?fit=327%2C320&amp;ssl=1\" class=\"attachment-full size-full wp-image-14704\" alt=\"\" srcset=\"https:\/\/i0.wp.com\/conapran.cl\/wp-content\/uploads\/2023\/09\/Gerardo-Petersen-Guerra.jpg?w=327&amp;ssl=1 327w, https:\/\/i0.wp.com\/conapran.cl\/wp-content\/uploads\/2023\/09\/Gerardo-Petersen-Guerra.jpg?resize=300%2C294&amp;ssl=1 300w\" sizes=\"(max-width: 327px) 100vw, 327px\" \/><\/figure><div class=\"elementor-image-box-content\"><h4 class=\"elementor-image-box-title\">Gerardo Petersen Guerra<\/h4><p class=\"elementor-image-box-description\"><b>Director<\/b><\/p><\/div><\/div>\t\t<\/div>\n\t\t\t\t<\/div>\n\t\t\t\t\t<\/div>\n\t\t<\/div>\n\t\t\t\t<div class=\"elementor-column elementor-col-25 elementor-inner-column elementor-element elementor-element-885d253\" data-id=\"885d253\" data-element_type=\"column\" data-settings=\"{&quot;background_background&quot;:&quot;classic&quot;}\">\n\t\t\t<div class=\"elementor-widget-wrap elementor-element-populated\">\n\t\t\t\t\t\t<div class=\"elementor-element elementor-element-55132b5 elementor-position-top elementor-widget elementor-widget-image-box\" data-id=\"55132b5\" data-element_type=\"widget\" data-widget_type=\"image-box.default\">\n\t\t\t\t<div class=\"elementor-widget-container\">\n\t\t\t<div class=\"elementor-image-box-wrapper\"><figure class=\"elementor-image-box-img\"><img loading=\"lazy\" decoding=\"async\" width=\"327\" height=\"320\" src=\"https:\/\/i0.wp.com\/conapran.cl\/wp-content\/uploads\/2023\/09\/Carolina-Benavente.jpg?fit=327%2C320&amp;ssl=1\" class=\"attachment-full size-full wp-image-14703\" alt=\"\" srcset=\"https:\/\/i0.wp.com\/conapran.cl\/wp-content\/uploads\/2023\/09\/Carolina-Benavente.jpg?w=327&amp;ssl=1 327w, https:\/\/i0.wp.com\/conapran.cl\/wp-content\/uploads\/2023\/09\/Carolina-Benavente.jpg?resize=300%2C294&amp;ssl=1 300w\" sizes=\"(max-width: 327px) 100vw, 327px\" \/><\/figure><div class=\"elementor-image-box-content\"><h4 class=\"elementor-image-box-title\">Carolina Benavente<\/h4><p class=\"elementor-image-box-description\"><b>Directora<\/b><\/p><\/div><\/div>\t\t<\/div>\n\t\t\t\t<\/div>\n\t\t\t\t\t<\/div>\n\t\t<\/div>\n\t\t\t\t<div class=\"elementor-column elementor-col-25 elementor-inner-column elementor-element elementor-element-292bffb\" data-id=\"292bffb\" data-element_type=\"column\" data-settings=\"{&quot;background_background&quot;:&quot;classic&quot;}\">\n\t\t\t<div class=\"elementor-widget-wrap elementor-element-populated\">\n\t\t\t\t\t\t<div class=\"elementor-element elementor-element-87ba386 elementor-position-top elementor-widget elementor-widget-image-box\" data-id=\"87ba386\" data-element_type=\"widget\" data-widget_type=\"image-box.default\">\n\t\t\t\t<div class=\"elementor-widget-container\">\n\t\t\t<div class=\"elementor-image-box-wrapper\"><figure class=\"elementor-image-box-img\"><img loading=\"lazy\" decoding=\"async\" width=\"327\" height=\"320\" src=\"https:\/\/i0.wp.com\/conapran.cl\/wp-content\/uploads\/2023\/09\/Albercht-Hafelin-Manrique.jpg?fit=327%2C320&amp;ssl=1\" class=\"attachment-full size-full wp-image-14702\" alt=\"\" srcset=\"https:\/\/i0.wp.com\/conapran.cl\/wp-content\/uploads\/2023\/09\/Albercht-Hafelin-Manrique.jpg?w=327&amp;ssl=1 327w, https:\/\/i0.wp.com\/conapran.cl\/wp-content\/uploads\/2023\/09\/Albercht-Hafelin-Manrique.jpg?resize=300%2C294&amp;ssl=1 300w\" sizes=\"(max-width: 327px) 100vw, 327px\" \/><\/figure><div class=\"elementor-image-box-content\"><h4 class=\"elementor-image-box-title\">Albrecht Hafelin Manrique<\/h4><p class=\"elementor-image-box-description\"><b>Tesorero<\/b><\/p><\/div><\/div>\t\t<\/div>\n\t\t\t\t<\/div>\n\t\t\t\t\t<\/div>\n\t\t<\/div>\n\t\t\t\t<div class=\"elementor-column elementor-col-25 elementor-inner-column elementor-element elementor-element-77776f2\" data-id=\"77776f2\" data-element_type=\"column\" data-settings=\"{&quot;background_background&quot;:&quot;classic&quot;}\">\n\t\t\t<div class=\"elementor-widget-wrap elementor-element-populated\">\n\t\t\t\t\t\t<div class=\"elementor-element elementor-element-a7dc162 elementor-position-top elementor-widget elementor-widget-image-box\" data-id=\"a7dc162\" data-element_type=\"widget\" data-widget_type=\"image-box.default\">\n\t\t\t\t<div class=\"elementor-widget-container\">\n\t\t\t<div class=\"elementor-image-box-wrapper\"><figure class=\"elementor-image-box-img\"><img loading=\"lazy\" decoding=\"async\" width=\"327\" height=\"320\" src=\"https:\/\/i0.wp.com\/conapran.cl\/wp-content\/uploads\/2023\/09\/Sergio-Parra.jpg?fit=327%2C320&amp;ssl=1\" class=\"attachment-full size-full wp-image-14709\" alt=\"\" srcset=\"https:\/\/i0.wp.com\/conapran.cl\/wp-content\/uploads\/2023\/09\/Sergio-Parra.jpg?w=327&amp;ssl=1 327w, https:\/\/i0.wp.com\/conapran.cl\/wp-content\/uploads\/2023\/09\/Sergio-Parra.jpg?resize=300%2C294&amp;ssl=1 300w\" sizes=\"(max-width: 327px) 100vw, 327px\" \/><\/figure><div class=\"elementor-image-box-content\"><h4 class=\"elementor-image-box-title\">Sergio Parra<\/h4><p class=\"elementor-image-box-description\"><b>Director Ejecutivo<\/b><\/p><\/div><\/div>\t\t<\/div>\n\t\t\t\t<\/div>\n\t\t\t\t\t<\/div>\n\t\t<\/div>\n\t\t\t\t\t<\/div>\n\t\t<\/section>\n\t\t\t\t\t<\/div>\n\t\t<\/div>\n\t\t\t\t\t<\/div>\n\t\t<\/div>\n\t\t\t\t<\/div>\n\t\t","protected":false},"excerpt":{"rendered":"<p>Te Presentamos El Directorio de Conapran Para cumplir con los programas de cuidado, atenci\u00f3n y protecci\u00f3n de los adultos mayores, se cuenta con una direcci\u00f3n ejecutiva, ubicada en casa central, Santiago, que constituye la instancia gerencial, siendo el responsable de la realizaci\u00f3n del plan estrat\u00e9gico general de la corporaci\u00f3n. Sus Funciones principales son planificar, organizar,&#8230;<\/p>\n","protected":false},"author":1,"featured_media":0,"parent":0,"menu_order":0,"comment_status":"closed","ping_status":"closed","template":"","meta":{"om_disable_all_campaigns":false,"_monsterinsights_skip_tracking":false,"_monsterinsights_sitenote_active":false,"_monsterinsights_sitenote_note":"","_monsterinsights_sitenote_category":0,"_tbt_post_transparent":"","_tbt_post_title":"default","_tbt_post_layout":"normal","_tbt_post_sidebar_id":"","_tbt_post_content_style":"unboxed","_tbt_post_vertical_padding":"hide","_tbt_post_feature":"hide","_tbt_post_feature_position":"","_tbt_post_header":false,"_tbt_post_footer":false,"footnotes":""},"acf":[],"aioseo_notices":[],"jetpack_sharing_enabled":true,"_links":{"self":[{"href":"https:\/\/conapran.cl\/index.php?rest_route=\/wp\/v2\/pages\/10049"}],"collection":[{"href":"https:\/\/conapran.cl\/index.php?rest_route=\/wp\/v2\/pages"}],"about":[{"href":"https:\/\/conapran.cl\/index.php?rest_route=\/wp\/v2\/types\/page"}],"author":[{"embeddable":true,"href":"https:\/\/conapran.cl\/index.php?rest_route=\/wp\/v2\/users\/1"}],"replies":[{"embeddable":true,"href":"https:\/\/conapran.cl\/index.php?rest_route=%2Fwp%2Fv2%2Fcomments&post=10049"}],"version-history":[{"count":25,"href":"https:\/\/conapran.cl\/index.php?rest_route=\/wp\/v2\/pages\/10049\/revisions"}],"predecessor-version":[{"id":15295,"href":"https:\/\/conapran.cl\/index.php?rest_route=\/wp\/v2\/pages\/10049\/revisions\/15295"}],"wp:attachment":[{"href":"https:\/\/conapran.cl\/index.php?rest_route=%2Fwp%2Fv2%2Fmedia&parent=10049"}],"curies":[{"name":"wp","href":"https:\/\/api.w.org\/{rel}","templated":true}]}}